{"id":100,"date":"2020-01-31T13:59:43","date_gmt":"2020-01-31T12:59:43","guid":{"rendered":"http:\/\/burg-konradsheim.at\/blog\/?page_id=100"},"modified":"2020-01-31T13:59:43","modified_gmt":"2020-01-31T12:59:43","slug":"impressum","status":"publish","type":"page","link":"https:\/\/burg-konradsheim.at\/blog\/impressum\/","title":{"rendered":"Impressum &#038; Datenschutz"},"content":{"rendered":"\n<h2 class=\"wp-block-heading\">F\u00fcr den Inhalt verantwortlich:<\/h2>\n\n\n\n<div class=\"wp-block-columns has-2-columns is-layout-flex wp-container-core-columns-layout-1 wp-block-columns-is-layout-flex\">\n<div class=\"wp-block-column is-layout-flow wp-block-column-is-layout-flow\">\n<h3 class=\"wp-block-heading\">Wolfgang Rechberger<\/h3>\n\n\n\n<p>rechberger@pundr.at<br>+43(0) 664 4646 333<\/p>\n<\/div>\n\n\n\n<div class=\"wp-block-column is-layout-flow wp-block-column-is-layout-flow\">\n<h3 class=\"wp-block-heading\">Gerald Raab<\/h3>\n\n\n\n<p>gerald.raab@crazyeye.at<br>+43(0) 660 1200 944 <\/p>\n<\/div>\n<\/div>\n\n\n\n<h2 class=\"wp-block-heading\">Google Fonts<\/h2>\n\n\n\n<p>Die Websites des Projektes verwenden Google Fonts der Firma Google Inc. (1600 Amphitheatre Parkway Mountain View, CA 94043, USA). Sollten Sie ein Konto bei Google haben, werden keine Ihrer Google-Kontodaten an Google \u00fcbermittelt. Google erfasst lediglich den Aufruf der CSS-Dateien und der verwendeten Schriften und speichert diese Daten. Details finden Sie unter\u00a0<a href=\"https:\/\/developers.google.com\/fonts\/faq\">https:\/\/developers.google.com\/fonts\/faq<\/a>.<\/p>\n\n\n\n<h2 class=\"wp-block-heading\">Cookies<\/h2>\n\n\n\n<p>Die Websites des Projektes verwenden ausschlie\u00dflich Cookies, um die Funktionalit\u00e4t der Website zu erm\u00f6glichen. Es werden keine Tracking Cookies zur Nutzerverfolgung oder -auswertung gesetzt.<\/p>\n","protected":false},"excerpt":{"rendered":"<p>F\u00fcr den Inhalt verantwortlich: Wolfgang Rechberger rechberger@pundr.at+43(0) 664 4646 333 Gerald Raab gerald.raab@crazyeye.at+43(0) 660 1200 944 Google Fonts Die Websites des Projektes verwenden Google Fonts der Firma Google Inc. (1600 Amphitheatre Parkway Mountain View, CA 94043, USA). Sollten Sie ein Konto bei Google haben, werden keine Ihrer Google-Kontodaten an Google \u00fcbermittelt. Google erfasst lediglich den [&hellip;]<\/p>\n","protected":false},"author":2,"featured_media":0,"parent":0,"menu_order":0,"comment_status":"closed","ping_status":"closed","template":"","meta":{"ngg_post_thumbnail":0,"footnotes":""},"_links":{"self":[{"href":"https:\/\/burg-konradsheim.at\/blog\/wp-json\/wp\/v2\/pages\/100"}],"collection":[{"href":"https:\/\/burg-konradsheim.at\/blog\/wp-json\/wp\/v2\/pages"}],"about":[{"href":"https:\/\/burg-konradsheim.at\/blog\/wp-json\/wp\/v2\/types\/page"}],"author":[{"embeddable":true,"href":"https:\/\/burg-konradsheim.at\/blog\/wp-json\/wp\/v2\/users\/2"}],"replies":[{"embeddable":true,"href":"https:\/\/burg-konradsheim.at\/blog\/wp-json\/wp\/v2\/comments?post=100"}],"version-history":[{"count":2,"href":"https:\/\/burg-konradsheim.at\/blog\/wp-json\/wp\/v2\/pages\/100\/revisions"}],"predecessor-version":[{"id":103,"href":"https:\/\/burg-konradsheim.at\/blog\/wp-json\/wp\/v2\/pages\/100\/revisions\/103"}],"wp:attachment":[{"href":"https:\/\/burg-konradsheim.at\/blog\/wp-json\/wp\/v2\/media?parent=100"}],"curies":[{"name":"wp","href":"https:\/\/api.w.org\/{rel}","templated":true}]}}